{"id":11,"date":"2021-07-06T10:47:16","date_gmt":"2021-07-06T10:47:16","guid":{"rendered":"https:\/\/devgabaritas.lankininkas.lt\/?page_id=11"},"modified":"2022-04-21T18:10:06","modified_gmt":"2022-04-21T18:10:06","slug":"contact","status":"publish","type":"page","link":"https:\/\/devgabaritas.lankininkas.lt\/index.php\/contact\/","title":{"rendered":"Kontaktai"},"content":{"rendered":"\n<div class=\"wp-block-cover alignfull is-light\" style=\"min-height:700px;aspect-ratio:unset;\"><span aria-hidden=\"true\" class=\"has-nv-site-bg-background-color wp-block-cover__gradient-background has-background-dim\"><\/span><img loading=\"lazy\" decoding=\"async\" width=\"1509\" height=\"1512\" class=\"wp-block-cover__image-background wp-image-201\" alt=\"\" src=\"https:\/\/devgabaritas.lankininkas.lt\/wp-content\/uploads\/2021\/07\/varzybos-back-edited.jpg\" style=\"object-position:88% 49%\" data-object-fit=\"cover\" data-object-position=\"88% 49%\" srcset=\"https:\/\/devgabaritas.lankininkas.lt\/wp-content\/uploads\/2021\/07\/varzybos-back-edited.jpg 1509w, https:\/\/devgabaritas.lankininkas.lt\/wp-content\/uploads\/2021\/07\/varzybos-back-edited-300x300.jpg 300w, https:\/\/devgabaritas.lankininkas.lt\/wp-content\/uploads\/2021\/07\/varzybos-back-edited-1022x1024.jpg 1022w, https:\/\/devgabaritas.lankininkas.lt\/wp-content\/uploads\/2021\/07\/varzybos-back-edited-150x150.jpg 150w, https:\/\/devgabaritas.lankininkas.lt\/wp-content\/uploads\/2021\/07\/varzybos-back-edited-768x770.jpg 768w\" sizes=\"auto, (max-width: 1509px) 100vw, 1509px\" \/><div class=\"wp-block-cover__inner-container is-layout-flow wp-block-cover-is-layout-flow\">\n<div class=\"wp-block-cover alignfull\" style=\"min-height:215px;aspect-ratio:unset;\"><span aria-hidden=\"true\" class=\"has-neve-text-color-background-color wp-block-cover__gradient-background has-background-dim\"><\/span><div class=\"wp-block-cover__inner-container is-layout-flow wp-block-cover-is-layout-flow\">\n<h1 class=\"has-nv-site-bg-color has-text-color wp-block-heading\" id=\"kontaktai\">KONTAKTAI<\/h1>\n<\/div><\/div>\n<\/div><\/div>\n\n\n\n<div class=\"wp-block-cover alignfull\"><span aria-hidden=\"true\" class=\"has-nv-light-bg-background-color has-background-dim-100 wp-block-cover__gradient-background has-background-dim\"><\/span><div class=\"wp-block-cover__inner-container is-layout-flow wp-block-cover-is-layout-flow\">\n<div style=\"height:80px\" aria-hidden=\"true\" class=\"wp-block-spacer\"><\/div>\n\n\n\n<div class=\"wp-block-group\"><div class=\"wp-block-group__inner-container is-layout-flow wp-block-group-is-layout-flow\">\n<div class=\"wp-block-columns is-layout-flex wp-container-core-columns-is-layout-9d6595d7 wp-block-columns-is-layout-flex\">\n<div class=\"wp-block-column is-layout-flow wp-block-column-is-layout-flow\">\n<div class=\"wp-block-image icon-style is-style-rounded\"><figure class=\"aligncenter is-resized\"><img loading=\"lazy\" decoding=\"async\" src=\"https:\/\/devgabaritas.lankininkas.lt\/wp-content\/themes\/neve\/assets\/img\/starter-content\/icon-05.svg\" alt=\"\" width=\"48\" height=\"48\"\/><\/figure><\/div>\n\n\n\n<h3 class=\"has-text-align-center has-neve-text-color-color has-text-color wp-block-heading\" id=\"paskambink\"><mark style=\"background-color:rgba(0, 0, 0, 0)\" class=\"has-inline-color has-nv-dark-bg-color\">paskambink<\/mark><\/h3>\n\n\n\n<p class=\"has-text-align-center has-neve-text-color-color has-text-color\"><mark style=\"background-color:rgba(0, 0, 0, 0)\" class=\"has-inline-color has-neve-link-color-color\">+370 685 86695<br>antradienis &#8211; \u0161e\u0161tadienis<\/mark><\/p>\n\n\n\n<div style=\"height:20px\" aria-hidden=\"true\" class=\"wp-block-spacer\"><\/div>\n<\/div>\n\n\n\n<div class=\"wp-block-column is-layout-flow wp-block-column-is-layout-flow\">\n<div class=\"wp-block-image icon-style is-style-rounded\"><figure class=\"aligncenter is-resized\"><img loading=\"lazy\" decoding=\"async\" src=\"https:\/\/devgabaritas.lankininkas.lt\/wp-content\/themes\/neve\/assets\/img\/starter-content\/icon-06.svg\" alt=\"\" width=\"48\" height=\"48\"\/><\/figure><\/div>\n\n\n\n<h3 class=\"has-text-align-center has-neve-text-color-color has-text-color wp-block-heading\" id=\"parasyk\"><mark style=\"background-color:rgba(0, 0, 0, 0)\" class=\"has-inline-color has-nv-dark-bg-color\">para\u0161yk<\/mark><\/h3>\n\n\n\n<p class=\"has-text-align-center has-neve-text-color-color has-text-color\"><mark style=\"background-color:rgba(0, 0, 0, 0)\" class=\"has-inline-color has-neve-link-color-color\">info@<\/mark>lankininkas.lt<\/p>\n\n\n\n<div style=\"height:20px\" aria-hidden=\"true\" class=\"wp-block-spacer\"><\/div>\n<\/div>\n\n\n\n<div class=\"wp-block-column is-layout-flow wp-block-column-is-layout-flow\">\n<div class=\"wp-block-image icon-style is-style-rounded\"><figure class=\"aligncenter is-resized\"><img loading=\"lazy\" decoding=\"async\" src=\"https:\/\/devgabaritas.lankininkas.lt\/wp-content\/themes\/neve\/assets\/img\/starter-content\/icon-04.svg\" alt=\"\" width=\"48\" height=\"48\"\/><\/figure><\/div>\n\n\n\n<h3 class=\"has-text-align-center has-neve-text-color-color has-text-color wp-block-heading\" id=\"apsilankyk\"><mark style=\"background-color:rgba(0, 0, 0, 0)\" class=\"has-inline-color has-nv-dark-bg-color\">apsilankyk<\/mark><\/h3>\n\n\n\n<p class=\"has-text-align-center has-neve-text-color-color has-text-color\"><mark style=\"background-color:rgba(0, 0, 0, 0)\" class=\"has-inline-color has-neve-link-color-color\">vasaros \u0161audykla | gegu\u017e\u0117 &#8211; rugs\u0117jis<br>\u017eiemos \u0161audykla | spalis &#8211; bala<\/mark>ndis<\/p>\n<\/div>\n<\/div>\n<\/div><\/div>\n\n\n\n<div style=\"height:40px\" aria-hidden=\"true\" class=\"wp-block-spacer\"><\/div>\n\n\n\n<p><\/p>\n<\/div><\/div>\n\n\n\n<div style=\"height:80px\" aria-hidden=\"true\" class=\"wp-block-spacer\"><\/div>\n\n\n\n<h2 class=\"has-neve-link-color-color has-text-color has-huge-font-size wp-block-heading\" id=\"darbo-laikas\"><mark style=\"background-color:rgba(0, 0, 0, 0)\" class=\"has-inline-color has-neve-text-color-color\">Darbo laikas*<\/mark><\/h2>\n\n\n\n<figure class=\"wp-block-table is-style-regular\"><table class=\"has-fixed-layout\"><thead><tr><th class=\"has-text-align-left\" data-align=\"left\">Savait\u0117s diena<\/th><th class=\"has-text-align-left\" data-align=\"left\">Suaugusi\u0173j\u0173 treniruot\u0117s<\/th><th class=\"has-text-align-left\" data-align=\"left\">Jaunimo treniruot\u0117s<\/th><\/tr><\/thead><tbody><tr><td class=\"has-text-align-left\" data-align=\"left\"><span class=\"has-inline-color has-nv-c-1-color\">Pirmadienis<\/span><\/td><td class=\"has-text-align-left\" data-align=\"left\"><img loading=\"lazy\" decoding=\"async\" width=\"17\" height=\"17\" class=\"wp-image-275\" style=\"width: 17px;\" src=\"https:\/\/devgabaritas.lankininkas.lt\/wp-content\/uploads\/2021\/10\/clipart3077324-e1634997001226.png\" alt=\"\"><\/td><td class=\"has-text-align-left\" data-align=\"left\"><img loading=\"lazy\" decoding=\"async\" width=\"17\" height=\"17\" class=\"wp-image-275\" style=\"width: 17px;\" src=\"https:\/\/devgabaritas.lankininkas.lt\/wp-content\/uploads\/2021\/10\/clipart3077324-e1634997001226.png\" alt=\"\"><\/td><\/tr><tr><td class=\"has-text-align-left\" data-align=\"left\">Antradienis<\/td><td class=\"has-text-align-left\" data-align=\"left\">18-20 val.<\/td><td class=\"has-text-align-left\" data-align=\"left\">16-18 val.<\/td><\/tr><tr><td class=\"has-text-align-left\" data-align=\"left\">Tre\u010diadienis<\/td><td class=\"has-text-align-left\" data-align=\"left\">18-20 val. <\/td><td class=\"has-text-align-left\" data-align=\"left\">16-18 val.<\/td><\/tr><tr><td class=\"has-text-align-left\" data-align=\"left\">Ketvirtadienis<\/td><td class=\"has-text-align-left\" data-align=\"left\">18-20 val. <\/td><td class=\"has-text-align-left\" data-align=\"left\">16-18 val.<\/td><\/tr><tr><td class=\"has-text-align-left\" data-align=\"left\">Penktadienis<\/td><td class=\"has-text-align-left\" data-align=\"left\">18-20 val. <\/td><td class=\"has-text-align-left\" data-align=\"left\">16-18 val.<\/td><\/tr><tr><td class=\"has-text-align-left\" data-align=\"left\">\u0160e\u0161tadienis**<\/td><td class=\"has-text-align-left\" data-align=\"left\">14-16 val.<\/td><td class=\"has-text-align-left\" data-align=\"left\"><img loading=\"lazy\" decoding=\"async\" width=\"17\" height=\"17\" class=\"wp-image-275\" style=\"width: 17px;\" src=\"https:\/\/devgabaritas.lankininkas.lt\/wp-content\/uploads\/2021\/10\/clipart3077324-e1634997001226.png\" alt=\"\"><\/td><\/tr><tr><td class=\"has-text-align-left\" data-align=\"left\"><span class=\"has-inline-color has-nv-c-1-color\">Sekmadienis**<\/span><\/td><td class=\"has-text-align-left\" data-align=\"left\"><img loading=\"lazy\" decoding=\"async\" width=\"17\" height=\"17\" class=\"wp-image-275\" style=\"width: 17px;\" src=\"https:\/\/devgabaritas.lankininkas.lt\/wp-content\/uploads\/2021\/10\/clipart3077324-e1634997001226.png\" alt=\"\"><\/td><td class=\"has-text-align-left\" data-align=\"left\"><img loading=\"lazy\" decoding=\"async\" width=\"17\" height=\"17\" class=\"wp-image-275\" style=\"width: 17px;\" src=\"https:\/\/devgabaritas.lankininkas.lt\/wp-content\/uploads\/2021\/10\/clipart3077324-e1634997001226.png\" alt=\"\"><\/td><\/tr><\/tbody><\/table><\/figure>\n\n\n\n<p class=\"has-small-font-size\"><em>*I\u0161 anksto susitarus, galimas atvykimas ir ne darbo laiku.<br>**Priklausomai nuo var\u017eyb\u0173, darbo dienos ir valandos gali kisti. Prie\u0161 atvykstant, patikrink paskutinius prane\u0161imus &#8220;Naujienos&#8221; skiltyje arba m\u016bs\u0173 &#8220;Facebook&#8221; paskyroje. Taip pat, gali susieikti auk\u0161\u010diau nurodytais kontaktais.<\/em><\/p>\n\n\n\n<div style=\"height:80px\" aria-hidden=\"true\" class=\"wp-block-spacer\"><\/div>\n\n\n\n<div class=\"wp-block-cover alignfull\" style=\"min-height:600px;aspect-ratio:unset;\"><span aria-hidden=\"true\" class=\"has-nv-dark-bg-background-color has-background-dim-100 wp-block-cover__gradient-background has-background-dim\"><\/span><div class=\"wp-block-cover__inner-container is-layout-flow wp-block-cover-is-layout-flow\">\n<div class=\"wp-block-group\"><div class=\"wp-block-group__inner-container is-layout-flow wp-block-group-is-layout-flow\">\n<div style=\"height:80px\" aria-hidden=\"true\" class=\"wp-block-spacer\"><\/div>\n\n\n\n<h2 class=\"has-neve-link-color-color has-text-color has-huge-font-size wp-block-heading\" id=\"kur-mus-rasti\"><mark style=\"background-color:rgba(0, 0, 0, 0)\" class=\"has-inline-color has-nv-text-dark-bg-color\">Kur mus rasti<\/mark><\/h2>\n\n\n\n<div style=\"height:20px\" aria-hidden=\"true\" class=\"wp-block-spacer\"><\/div>\n\n\n\n<div class=\"wp-block-columns is-layout-flex wp-container-core-columns-is-layout-9d6595d7 wp-block-columns-is-layout-flex\">\n<div class=\"wp-block-column is-layout-flow wp-block-column-is-layout-flow\" style=\"flex-basis:50%\">\n<h3 class=\"has-text-align-left has-text-align-center has-nv-light-bg-color has-text-color wp-block-heading\" id=\"zemos-saudykla\"><strong>\u017diemos \u0161audykla<\/strong><\/h3>\n\n\n\n<p class=\"has-text-align-left has-nv-light-bg-color has-text-color\">Nuo <mark style=\"background-color:rgba(0, 0, 0, 0)\" class=\"has-inline-color has-neve-link-hover-color-color\">spalio iki baland\u017eio<\/mark> treniruot\u0117s vyksta tik u\u017edarose patalpose, adresu: Bir\u017eelio 23-osios g. 10 A, Vilnius (Vilniaus krep\u0161inio mokyklos patalpose, ie\u0161kokite dur\u0173 su LSK logotipu):<\/p>\n\n\n\n<div class=\"wp-block-webfactory-map\"><div class=\"wp-block-webfactory-map\"><iframe loading=\"lazy\" width=\"100%\" height=\"406px\" src=\"https:\/\/www.google.com\/maps\/embed\/v1\/place?q=Bir%C5%BEelio%2023-osios%20g.%2010%20A%2C%20Vilnius&amp;maptype=roadmap&amp;zoom=16&amp;key=AIzaSyAjyDspiPfzEfjRSS5fQzm-3jHFjHxeXB4\" frameborder=\"0\"><\/iframe><\/div><\/div>\n\n\n\n<div style=\"height:20px\" aria-hidden=\"true\" class=\"wp-block-spacer\"><\/div>\n<\/div>\n\n\n\n<div class=\"wp-block-column is-layout-flow wp-block-column-is-layout-flow\" style=\"flex-basis:50%\">\n<h3 class=\"has-text-align-left has-text-align-center has-nv-light-bg-color has-text-color wp-block-heading\" id=\"vasaros-saudykla\"><strong>Vasaros \u0161audykla<\/strong><\/h3>\n\n\n\n<p class=\"has-text-align-left has-nv-light-bg-color has-text-color\">Nuo <mark style=\"background-color:rgba(0, 0, 0, 0)\" class=\"has-inline-color has-neve-link-hover-color-color\">gegu\u017e\u0117s iki rugs\u0117jo<\/mark> treniruot\u0117s vyksta tik lauke: Vingio parke, Vilniuje (\u0161alia lengvosios atletikos ir regbio stadion\u0173, pra\u0117jus teniso kortus):<\/p>\n\n\n\n<div class=\"wp-block-webfactory-map\"><div class=\"wp-block-webfactory-map\"><iframe loading=\"lazy\" width=\"100%\" height=\"406px\" src=\"https:\/\/www.google.com\/maps\/embed\/v1\/place?q=vingio%20parko%20%C5%A1un%C5%B3%20plia%C5%BEas&amp;maptype=roadmap&amp;zoom=16&amp;key=AIzaSyAjyDspiPfzEfjRSS5fQzm-3jHFjHxeXB4\" frameborder=\"0\"><\/iframe><\/div><\/div>\n<\/div>\n<\/div>\n\n\n\n<div style=\"height:40px\" aria-hidden=\"true\" class=\"wp-block-spacer\"><\/div>\n\n\n\n<p><\/p>\n<\/div><\/div>\n<\/div><\/div>\n\n\n\n<div style=\"height:80px\" aria-hidden=\"true\" class=\"wp-block-spacer\"><\/div>\n\n\n\n<div class=\"wp-block-columns is-layout-flex wp-container-core-columns-is-layout-9d6595d7 wp-block-columns-is-layout-flex\">\n<div class=\"wp-block-column is-layout-flow wp-block-column-is-layout-flow\">\n<h2 class=\"has-neve-link-color-color has-text-color wp-block-heading\" id=\"rekvizitai\"><mark style=\"background-color:rgba(0, 0, 0, 0)\" class=\"has-inline-color has-neve-text-color-color\">Rekvizitai<\/mark><\/h2>\n\n\n\n<p class=\"has-neve-link-color-color has-text-color has-medium-font-size\">Vie\u0161oji \u012fstaiga \u201eLankinink\u0173 sporto klubas\u201c<br>\u012emon\u0117s kodas: 300122181<br>Bankas: AB \u201eSWEDBANK\u201c<br>Banko s\u0105skaita: LT44 7300 0100 9014 7378<\/p>\n\n\n\n<div style=\"height:20px\" aria-hidden=\"true\" class=\"wp-block-spacer\"><\/div>\n<\/div>\n\n\n\n<div class=\"wp-block-column is-layout-flow wp-block-column-is-layout-flow\">\n<h2 class=\"has-neve-link-color-color has-text-color wp-block-heading\" id=\"parama\"><mark style=\"background-color:rgba(0, 0, 0, 0)\" class=\"has-inline-color has-neve-text-color-color\">Parama<\/mark><\/h2>\n\n\n\n<p class=\"has-medium-font-size\">Norintys ir galintys pad\u0117ti klubui i\u0161gyventi, gali tai padaryti mus paremdami. Perveskite pageidaujam\u0105 paramos sum\u0105 \u0161one nurodytais rekvizitais, o mok\u0117jimo paskirtyje nurodykite &#8220;PARAMA KLUBO VEIKLAI&#8221;. <strong>A\u010di\u016b!<\/strong><\/p>\n\n\n\n<p class=\"has-text-align-center has-medium-font-size\"> <img loading=\"lazy\" decoding=\"async\" width=\"150\" height=\"151\" class=\"wp-image-566\" style=\"width: 150px;\" src=\"https:\/\/devgabaritas.lankininkas.lt\/wp-content\/uploads\/2021\/10\/smile-removebg-preview.png\" alt=\"\" srcset=\"https:\/\/devgabaritas.lankininkas.lt\/wp-content\/uploads\/2021\/10\/smile-removebg-preview.png 284w, https:\/\/devgabaritas.lankininkas.lt\/wp-content\/uploads\/2021\/10\/smile-removebg-preview-150x150.png 150w\" sizes=\"auto, (max-width: 150px) 100vw, 150px\" \/><\/p>\n<\/div>\n<\/div>\n\n\n\n<div style=\"height:80px\" aria-hidden=\"true\" class=\"wp-block-spacer\"><\/div>\n","protected":false},"excerpt":{"rendered":"<p>Darbo laikas* Savait\u0117s diena Suaugusi\u0173j\u0173 treniruot\u0117s Jaunimo treniruot\u0117s Pirmadienis Antradienis 18-20 val. 16-18 val. Tre\u010diadienis 18-20 val. 16-18 val. Ketvirtadienis 18-20 val. 16-18 val. Penktadienis 18-20 val. 16-18 val. \u0160e\u0161tadienis** 14-16 val. Sekmadienis** *I\u0161 anksto susitarus, galimas atvykimas ir ne darbo laiku.**Priklausomai nuo var\u017eyb\u0173, darbo dienos ir valandos gali kisti. Prie\u0161 atvykstant, patikrink paskutinius prane\u0161imus&hellip;&nbsp;<a href=\"https:\/\/devgabaritas.lankininkas.lt\/index.php\/contact\/\" class=\"\" rel=\"bookmark\">Read More &raquo;<span class=\"screen-reader-text\">Kontaktai<\/span><\/a><\/p>\n","protected":false},"author":2,"featured_media":0,"parent":0,"menu_order":0,"comment_status":"closed","ping_status":"closed","template":"","meta":{"_eb_attr":"","neve_meta_sidebar":"default","neve_meta_container":"contained","neve_meta_enable_content_width":"on","neve_meta_content_width":100,"neve_meta_title_alignment":"left","neve_meta_author_avatar":"","neve_post_elements_order":"","neve_meta_disable_header":"off","neve_meta_disable_footer":"on","neve_meta_disable_title":"on","footnotes":""},"class_list":["post-11","page","type-page","status-publish","hentry"],"_links":{"self":[{"href":"https:\/\/devgabaritas.lankininkas.lt\/index.php\/wp-json\/wp\/v2\/pages\/11","targetHints":{"allow":["GET"]}}],"collection":[{"href":"https:\/\/devgabaritas.lankininkas.lt\/index.php\/wp-json\/wp\/v2\/pages"}],"about":[{"href":"https:\/\/devgabaritas.lankininkas.lt\/index.php\/wp-json\/wp\/v2\/types\/page"}],"author":[{"embeddable":true,"href":"https:\/\/devgabaritas.lankininkas.lt\/index.php\/wp-json\/wp\/v2\/users\/2"}],"replies":[{"embeddable":true,"href":"https:\/\/devgabaritas.lankininkas.lt\/index.php\/wp-json\/wp\/v2\/comments?post=11"}],"version-history":[{"count":108,"href":"https:\/\/devgabaritas.lankininkas.lt\/index.php\/wp-json\/wp\/v2\/pages\/11\/revisions"}],"predecessor-version":[{"id":1361,"href":"https:\/\/devgabaritas.lankininkas.lt\/index.php\/wp-json\/wp\/v2\/pages\/11\/revisions\/1361"}],"wp:attachment":[{"href":"https:\/\/devgabaritas.lankininkas.lt\/index.php\/wp-json\/wp\/v2\/media?parent=11"}],"curies":[{"name":"wp","href":"https:\/\/api.w.org\/{rel}","templated":true}]}}